3). What is the greatest common divisor of 8 and v?
8
Suppose -104 = 3*k - 140. Let s = 18 - 6. What is the greatest common divisor of s and k?
12
Let f(i) = i**2 + 4*i. Let j be f(-11). Let x = -42 + j. What is the highest common factor of 280 and x?
35
Let p(n) = n + 27. Let d be p(0). What is the highest common factor of d and 9?
9
Let t(i) = 2*i**2 - 6*i + 6. Let b be t(6). Let z = 3 + -10. Let o = b - z. What is the highest common factor of 7 and o?
7
Let b(q) = q**3 - q**2 + q - 2. Let x be b(2). Calculate the highest common factor of 20 and x.
4
Let m = -4 - -11. What is the highest common divisor of 49 and m?
7
Suppose 3*d = 3*g - 2*g + 76, -100 = -4*d + g. Calculate the highest common divisor of d and 60.
12
Let s = 5 + 0. Suppose t - 26 = s*o, -5*o - 9 = -3*t + 19. Let q(p) = 7*p**3. Let j be q(t). Calculate the greatest common factor of 14 and j.
7
Let y(n) = -127*n - 3. Let h(u) = -u - 1. Let x(d) = 5*h(d) - y(d). Let z = 28 + -26. Let c be x(z). Calculate the greatest common divisor of c and 22.
22
Suppose j - 4*o + 17 = 0, -3*o = -7 - 8. Suppose 2*s + 4*z = -0*s + 54, -j*s = -5*z - 70. Calculate the highest common factor of s and 5.
5
Let w be (-3)/2*24/(-9). Suppose w*z + 9 = 1. Let p be 5*(4/z)/(-2). What is the highest common divisor of 10 and p?
5
Let t = 2 - 0. Let l be 2 + t + -2 + 1. Let r be 1 - (-11 + l/(-3)). Calculate the greatest common factor of 143 and r.
13
Let x = 23 - 17. Calculate the highest common divisor of x and 9.
3
Let v(b) = -4*b**3 + 2*b**2 + 2*b + 3. Let y be v(-2). Calculate the highest common factor of y and 195.
39
Suppose -14 = -4*z - 2*r, r = 3*z - 4*r + 9. Let x be -1 + -10*5 + z. Let n = -29 - x. What is the greatest common divisor of 50 and n?
10
Let p(a) = a**3 + 9*a**2 - 12*a + 13. Let w be p(-10). What is the highest common divisor of 297 and w?
33
Let x be (-2 - (-3 + -1))/(-2). Let t be (-13)/((-3 - x) + 1). Calculate the highest common divisor of t and 91.
13
Suppose -1 - 1 = v, 2*w - 2*v - 114 = 0. Calculate the highest common divisor of 5 and w.
5
Suppose -y + 23 = 4*d + 3, y = 2*d + 20. Suppose -3*p = 0, -r + 5*p + 3 = -7. Calculate the greatest common factor of y and r.
10
Let t = -137 + 98. Let m be (t/(-4))/((-2)/(-80)). Let g be 2/11 - m/(-33). Calculate the highest common factor of 36 and g.
12
Let m be (-20)/(-9) + (-4)/18. Let z = 6 + -1. Suppose y - z*j = -2, -3*j + 7 = -5. Calculate the highest common factor of m and y.
2
Suppose 2*d + 26 = 4*d. What is the greatest common divisor of 104 and d?
13
Suppose -16 = -4*f + 2*m, 3*m - 44 = -5*f - 13. Calculate the highest common factor of 3 and f.
1
Let v(b) = -b**2 + 4. Let i be v(5). Let n be -32*2*i/12. Let y be (-2)/3 + n/6. What is the highest common factor of 144 and y?
18
Suppose -20 = 8*n - 4*n, 3*y - 402 = -3*n. Let h = 271 - y. What is the highest common divisor of 12 and h?
12
Let o be 20/1*(2 + 56/(-35)). What is the highest common divisor of o and 8?
8
Let k be -5*27/6*4/5. Let r(z) = 5*z**3 - 4*z**2 + 3*z - 1. Let i be r(2). Let c = k + i. What is the highest common factor of c and 88?
11
Let o(q) = 11*q**3 - q**2 + 3*q - 1. Let u be o(1). What is the highest common divisor of u and 8?
4
Suppose 5*q + 76 = w - 0*w, 0 = -5*q + 3*w - 78. Let d be (-3)/(-2)*(-20)/q. Suppose 0 = -d*m + 3*m - 15. What is the highest common factor of m and 135?
15
Let w be (1*-1)/(-1)*4. Let j = 302 - 258. What is the greatest common divisor of w and j?
4
Let z be -1 - -6 - (3 - 6). Let w be 2/(1 - 6/z). Suppose 3*o = 3*u - 63, 3*u + 4*o - 57 = -w. Calculate the highest common divisor of u and 95.
19
Let r(f) = -10*f - 1. Let q be r(-7). Let l = 6 + -3. Suppose -l*d + q = -2*a, 4*a = -4*d + d + 51. Calculate the highest common divisor of d and 3.
3
Let h(t) be the second derivative of 3*t**5/20 - t**4/6 - t**3/6 + t. Let f be h(3). Calculate the greatest common factor of 12 and f.
12
Let w(t) = t**3 + 5*t**2 + 3*t - 2. Let k be w(-4). Let s(h) = h**k - 1 + h - 4 + h. Let m be s(-10). Calculate the highest common divisor of m and 30.
15
Suppose -3*m + 189 = 18. Suppose 3 = l - m. Calculate the greatest common factor of l and 15.
15
Let c = -45 + 47. Calculate the highest common factor of 5 and c.
1
Suppose 3*r + 2*r = -3*i + 101, 5*r = -25. Let d = i - 26. Calculate the greatest common factor of 40 and d.
8
Suppose 5*m = -3*r + 25, 8*m - 4*m = 3*r - 7. Calculate the highest common factor of m and 2.
2
Let q = 123 + -83. Let b(u) = u**3 - 3*u**2 - 1. Let r be b(4). Let s be 2/5 + 144/r. Calculate the greatest common factor of s and q.
10
Let n(f) = -27*f**3 + f**2 - 2*f - 1. Let o be n(2). Let z = 317 + o. Calculate the highest common divisor of z and 20.
20
Let o = 5 + -6. Let k(x) = -15*x + 1. Let i be k(o). What is the highest common factor of 80 and i?
16
Suppose 3*o + 4*j + 12 = 4*o, -j = 2. Calculate the greatest common factor of o and 16.
4
Let b(i) = 28*i - 7. Let y be b(7). Suppose 0*g - y = -3*g. Suppose 5*s - 11 = u, 3*u - 3*s - 15 = -0*u. Calculate the highest common factor of u and g.
9
Let q(h) = h**3 - 4*h**2 - 6*h - 4. Let x = -9 + 15. Let a be q(x). What is the greatest common factor of 80 and a?
16
Suppose 3*x + 0*x - 120 = 0. Let m be 1/(-4 + (-82)/(-20)). Calculate the highest common factor of x and m.
10
Let q(v) be the first derivative of v**4/4 - v**3 - 3*v**2/2 - v - 4. Let t be q(5). Let o = t + -4. What is the highest common factor of 6 and o?
6
Let z = 12 + -4. Calculate the greatest common divisor of 2 and z.
2
Suppose 5*a + 4*t = 13, 2*t = 2*a + t - 13. Calculate the greatest common factor of 25 and a.
5
Suppose 14 = w - 0*w. What is the greatest common divisor of w and 7?
7
Let i(j) = -j**2 - 26*j - 34. Let g be i(-16). What is the highest common divisor of g and 18?
18
Let o = -48 - -62. What is the highest common factor of 28 and o?
14
Let x(p) = -p - 4. Let b be x(-7). Let d = b + -1. Let y be d*1/2*18. What is the highest common divisor of y and 2?
2
Let m(v) = -v**2 + 7*v - 4. Let p be m(4). Let s(h) = -12*h + 12. Suppose -3*w + w - 10 = 0. Let j be s(w). What is the greatest common factor of j and p?
8
Let z(a) = 5*a - 5. Let j be z(5). Suppose 0 = 4*p + 5*h - 820, 2*h - 9 - 199 = -p. Calculate the highest common factor of j and p.
20
Let j(o) be the second derivative of -o**3/6 - 2*o**2 + 2*o. Let q be j(-6). Suppose 20 = 2*r + 2*r. Calculate the highest common divisor of r and q.
1
Suppose -3*n = -2*g - 22 - 17, 5*g = 2*n - 37. Let d(b) = 2*b - 8. Let p be d(n). Let c = 64 + -8. What is the greatest common factor of p and c?
14
Suppose 0*y = -3*y + 45. Suppose 0 = 4*j - 0*j - 1028. Let p = -182 + j. Calculate the highest common factor of p and y.
15
Let n be (-12)/(-4)*(-1 - -11). Let h = -45 + 65. Calculate the greatest common divisor of h and n.
10
Suppose 63 = 4*w + 19. Suppose 32 = 2*f - i + 5*i, 5*i - 51 = -3*f. Calculate the highest common factor of f and w.
11
Let o = 114 - 102. Calculate the greatest common divisor of 30 and o.
6
Let g = 162 + 333. Suppose 5*f + 135 = g. Calculate the highest common divisor of f and 48.
24
Let f(q) = q**3 + 7*q**2 + 5*q - 2. Suppose 2*s + 24 = -2*s. Let c be f(s). What is the highest common divisor of c and 28?
4
Suppose -12 = -2*w - 2*v, -5*w - v = -22 - 16. Let g = -23 + 95. What is the highest common factor of g and w?
8
Let l be (60/(-1 + -3))/(1 + -2). What is the greatest common divisor of l and 3?
3
Suppose -85 = -8*m + 51. What is the highest common divisor of 17 and m?
17
Suppose -v = -0*v - 23. Let l = -4 - -27. What is the greatest common factor of v and l?
23
Let n(w) = -41*w - 1. Suppose -j = 3*j - 4. Let c be n(j). Let i = 66 - c. Calculate the highest common factor of i and 12.
12
Let p = 13 - 11. Calculate the highest common divisor of 14 and p.
2
Let n(x) = -x**3 - 2*x**2 - 6*x - 6. Let i be n(-5). Let g = -6 + 8. Suppose 2*z = -5*j + 7, -g*z + 8 = j - 11. What is the greatest common factor of i and z?
11
Suppose -5*o - 4*x + 137 = 0, -4*x - 4 - 34 = -2*o. Let y = -15 + o. Suppose -14 = -w + y. What is the greatest common divisor of w and 12?
12
Let d = -17 - -18. Calculate the greatest common divisor of d and 4.
1
Let w = 5 + -7. Let x be (11 - 0/w)/1. Let d be (-22)/(-1)*(-22)/(-4). Calculate the highest common divisor of d and x.
11
Suppose 